67?
False
Does 20 divide 800?
True
Is 22 a factor of 726?
True
Is 40 a multiple of 2?
True
Is 508 a multiple of 46?
False
Is 3634 a multiple of 135?
False
Does 85 divide 1509?
False
Is 131 a factor of 16375?
True
Does 8 divide 14616?
True
Is 18 a factor of 2232?
True
Is 65 a factor of 65?
True
Is 152 a multiple of 38?
True
Does 33 divide 29931?
True
Is 584 a multiple of 4?
True
Is 3 a factor of 559?
False
Is 19 a factor of 982?
False
Does 52 divide 4471?
False
Is 2870 a multiple of 70?
True
Is 26 a factor of 780?
True
Is 79 a factor of 5840?
False
Is 14 a factor of 21546?
True
Is 84 a factor of 7812?
True
Does 9 divide 414?
True
Is 2135 a multiple of 35?
True
Is 663 a multiple of 17?
True
Does 5 divide 1987?
False
Is 19 a factor of 1102?
True
Is 320 a multiple of 28?
False
Is 23616 a multiple of 82?
True
Does 35 divide 2029?
False
Is 9 a factor of 198?
True
Is 61 a factor of 1747?
False
Is 108 a multiple of 9?
True
Does 101 divide 9667?
False
Does 103 divide 2266?
True
Is 867 a multiple of 3?
True
Does 32 divide 2496?
True
Is 42 a factor of 14406?
True
Does 180 divide 49707?
False
Does 4 divide 2914?
False
Is 9214 a multiple of 26?
False
Is 5657 a multiple of 128?
False
Does 40 divide 1262?
False
Does 22 divide 616?
True
Is 21 a factor of 7921?
False
Does 51 divide 3009?
True
Does 6 divide 2594?
False
Does 131 divide 655?
True
Does 85 divide 73266?
False
Is 2292 a multiple of 12?
True
Is 19239 a multiple of 9?
False
Does 12 divide 70176?
True
Is 12 a factor of 432?
True
Is 6 a factor of 104?
False
Does 115 divide 256?
False
Is 43421 a multiple of 46?
False
Is 9 a factor of 504?
True
Is 47 a factor of 1175?
True
Is 49686 a multiple of 42?
True
Does 6 divide 6437?
False
Is 4284 a multiple of 68?
True
Is 434 a multiple of 14?
True
Does 30 divide 13980?
True
Is 8964 a multiple of 142?
False
Is 852 a multiple of 12?
True
Is 90 a factor of 8280?
True
Does 19 divide 6967?
False
Does 17 divide 2100?
False
Does 13 divide 719?
False
Is 6 a factor of 630?
True
Is 7475 a multiple of 16?
False
Is 3864 a multiple of 23?
True
Is 35532 a multiple of 94?
True
Does 18 divide 1880?
False
Does 8 divide 636?
False
Is 538 a multiple of 17?
False
Is 368 a multiple of 3?
False
Is 5471 a multiple of 11?
False
Does 5 divide 43700?
True
Does 24 divide 25296?
True
Does 5 divide 172?
False
Is 15 a factor of 4650?
True
Is 15 a factor of 300?
True
Is 29883 a multiple of 284?
False
Is 16 a factor of 4320?
True
Does 38 divide 30704?
True
Is 11398 a multiple of 41?
True
Is 20 a factor of 8360?
True
Does 30 divide 48503?
False
Is 36 a factor of 3851?
False
Is 7081 a multiple of 12?
False
Does 9 divide 440?
False
Is 7890 a multiple of 120?
False
Does 81 divide 22044?
False
Does 62 divide 1145?
False
Is 116880 a multiple of 15?
True
Does 99 divide 16921?
False
Is 10 a factor of 11174?
False
Is 4743 a multiple of 16?
False
Is 687 a multiple of 33?
False
Is 327 a multiple of 4?
False
Is 38 a factor of 9310?
True
Is 12 a factor of 1440?
True
Does 43 divide 96492?
True
Does 3 divide 38?
False
Is 7 a factor of 10761?
False
Is 45 a factor of 10472?
False
Does 31 divide 19739?
False
Is 11 a factor of 873?
False
Does 138 divide 6624?
True
Does 8 divide 127?
False
Is 3420 a multiple of 30?
True
Is 544 a multiple of 18?
False
Does 16 divide 1281?
False
Is 12 a factor of 1788?
True
Is 18 a factor of 10620?
True
Is 124 a multiple of 18?
False
Is 132 a multiple of 90?
False
Is 2310 a multiple of 13?
False
Is 26 a factor of 8539?
False
Is 19 a factor of 13357?
True
Is 16 a factor of 1462?
False
Is 990 a multiple of 19?
False
Is 1920 a multiple of 15?
True
Is 83 a factor of 37018?
True
Is 11 a factor of 871?
False
Does 31 divide 8623?
False
Does 33 divide 1988?
False
Does 6 divide 2583?
False
Is 5 a factor of 6751?
False
Is 3696 a multiple of 42?
True
Is 705 a multiple of 49?
False
Is 4 a factor of 1564?
True
Is 32 a factor of 55488?
True
Is 8 a factor of 368?
True
Does 86 divide 10581?
False
Is 1092 a multiple of 13?
True
Does 10 divide 3330?
True
Is 127 a factor of 20262?
False
Is 24192 a multiple of 50?
False
Is 5 a factor of 1504?
False
Does 19 divide 1368?
True
Is 7947 a multiple of 24?
False
Is 111 a factor of 32745?
True
Is 50 a factor of 56158?
False
Is 1524 a multiple of 3?
True
Is 6 a factor of 420?
True
Does 14 divide 5264?
True
Is 350 a multiple of 50?
True
Is 4484 a multiple of 52?
False
Does 55 divide 220?
True
Does 180 divide 16740?
True
Is 13 a factor of 793?
True
Is 9 a factor of 59?
False
Does 5 divide 75?
True
Is 39762 a multiple of 47?
True
Is 64 a multiple of 8?
True
Is 755 a multiple of 4?
False
Does 96 divide 4130?
False
Is 18 a factor of 345?
False
Is 6 a factor of 5369?
False
Does 140 divide 6450?
False
Is 6132 a multiple of 3?
True
Is 4 a factor of 1138?
False
Does 58 divide 6206?
True
Does 12 divide 6216?
True
Does 16 divide 817?
False
Is 2 a factor of 350?
True
Is 932 a multiple of 5?
False
Is 175 a factor of 438?
False
Does 49 divide 1470?
True
Is 18 a factor of 1589?
False
Does 4 divide 5204?
True
Is 33950 a multiple of 50?
True
Is 74783 a multiple of 14?
False
Does 29 divide 435?
True
Is 29 a factor of 580?
True
Does 227 divide 25411?
False
Is 38 a factor of 1448?
False
Is 47 a factor of 2371?
False
Does 17 divide 5967?
True
Does 40 divide 1016?
False
Is 162 a factor of 19764?
True
Is 271 a multiple of 40?
False
Is 35124 a multiple of 8?
False
Does 99 divide 2174?
False
Does 3 divide 4917?
True
Does 6 divide 13356?
True
Is 167 a multiple of 11?
False
Does 2 divide 1403?
False
Is 2850 a multiple of 6?
True
Does 49 divide 844?
False
Is 53 a factor of 866?
False
Is 493 a multiple of 29?
True
Does 4 divide 9271?
False
Is 59 a multiple of 3?
False
Does 53 divide 6005?
False
Is 19 a factor of 14898?
False
Is 678 a multiple of 2?
True
Is 18 a factor of 39369?
False
Does 8 divide 45130?
False
Does 15 divide 132?
False
Is 24 a factor of 1578?
False
Does 24 divide 1104?
True
Is 2 a factor of 677?
False
Does 24 divide 120?
True
Is 20 a factor of 17323?
False
Is 230 a multiple of 9?
False
Is 162 a factor of 11488?
False
Is 902 a multiple of 11?
True
Does 34 divide 238?
True
Is 95 a factor of 12635?
True
Is 4 a factor of 2736?
True
Is 29 a factor of 5390?
False
Is 6016 a multiple of 64?
True
Is 34 a factor of 12208?
False
Is 10 a factor of 1070?
True
Is 7890 a multiple of 15?
True
Does 3 divide 126?
True
Is 3792 a multiple of 78?
False
Is 24674 a multiple of 13?
True
Is 6288 a multiple of 6?
True
Is 83 a factor of 1743?
True
Is 66003 a multiple of 21?
True
Is 77 a factor of 924?
True
Is 6 a factor of 324?
True
Is 661 even?
False
Does 72 divide 110699?
False
Does 7 divide 224?
True
Is 1063 a multiple of 4?
False
Does 10 divide 530?
True
Is 11 a factor of 484?
True
Does 4 divide 4128?
True
Is 2869 a multiple of 19?
True
Does 18 divide 57306?
False
Is 17 a factor of 26945?
True
Is 12 a factor of 1942?
False
Is 6468 a multiple of 84?
True
Does 60 divide 18772?
False
Does 11 divide 119526?
True
Is 361 a factor of 47291?
True
Is 939 a multiple of 17?
False
Is 902 a multiple of 82?
True
Is 358 a multiple of 48?
False
Is 18 a factor of 7020?
True
Is 130 a multiple of 65?
True
Does 10 divide 984?
False
Is 3445 a multiple of 13?
True
Is 108 a factor of 8698?
False
Is 1242 a multiple of 69?
True
Does 32 divide 576?
True
Does 20 divide 10879?
False
Is 9 a factor of 856?
False
Is 4 a factor of 1397?
False
Is 149 a multiple of 14?
False
Does 24 divide 3872?
False
Is 820 a multiple of 13?
False
Is 3300 a multiple of 22?
True
Is 51 a factor of 1964?
False
Is 232 a multiple of 2?
True
Does 24 divide 2388?
False
Is 150 a multiple of 50?
True
Is 36252 a multiple of 36?
True
Is 7 a factor of 35?
True
Is 19 a factor of 9956?
True
Is 37 a factor of 1037?
False
Does 13 divide 1179?
False
Is 73 a factor of 4818?
True
Is 16 a factor of 384?
True
Is 15 a factor of 29790?
True
Does 24 divide 21024?
True
Does 33 divide 24585?
True
Does 10 divide 200?
True
Is 10119 a multiple of 9?
False
Is 28 a factor of 3388?
True
Does 2 divide 1163?
False
Is 116 a factor of 55216?
True
Does 37 divide 3441?
True
Is 18587 a multiple of 172?
False
Is 26 a factor of 1586?
True
Does 20 divide 220?
True
Does 288 divide 38016?
True
Is 35 a factor of 910?
True
Is 1683 a multiple of 51?
True
Is 48 a factor of 304?
False
Is